30113 and 27368?
311
Calculate the highest common divisor of 351 and 27350492.
13
What is the highest common factor of 6071 and 1154283?
13
Calculate the greatest common divisor of 9752 and 370001.
23
Calculate the greatest common factor of 711 and 495725.
79
What is the highest common divisor of 5152 and 24939360?
736
What is the highest common divisor of 7206054 and 570?
114
Calculate the highest common divisor of 179829509 and 111.
37
What is the highest common divisor of 1906428 and 9658833?
6033
What is the greatest common factor of 2691441 and 51?
3
What is the greatest common divisor of 226313184 and 95689?
8699
What is the greatest common divisor of 52 and 3379246?
26
What is the greatest common divisor of 17455976 and 403?
31
Calculate the greatest common factor of 241140 and 12.
12
What is the greatest common divisor of 8426781 and 212619?
561
What is the highest common factor of 1666800 and 2700?
900
What is the highest common factor of 2437770 and 575?
115
What is the greatest common factor of 1207 and 3917259?
17
Calculate the greatest common divisor of 3233 and 26840.
61
Calculate the greatest common factor of 18889847 and 6309.
701
What is the highest common divisor of 696 and 135169986?
174
What is the highest common factor of 4938885 and 27?
9
Calculate the greatest common divisor of 8528844 and 10416.
372
What is the highest common factor of 258 and 7546758?
258
Calculate the highest common divisor of 2292686 and 1576.
394
What is the highest common divisor of 2589 and 42240398?
863
Calculate the greatest common divisor of 49 and 8066429.
49
Calculate the highest common factor of 5077485 and 4095.
315
Calculate the highest common divisor of 256905167 and 257.
257
Calculate the highest common divisor of 10612064 and 11578.
1654
Calculate the highest common divisor of 1023212956 and 8.
4
What is the highest common divisor of 21655565 and 19300?
965
Calculate the highest common factor of 99543435 and 30.
15
Calculate the highest common divisor of 6480 and 1124415.
135
What is the greatest common factor of 564 and 3762240?
12
What is the greatest common factor of 1212 and 142152248?
404
Calculate the highest common divisor of 2383056 and 73566.
1206
What is the highest common factor of 6417596640 and 1092?
1092
What is the highest common factor of 2882803838 and 118?
118
Calculate the greatest common factor of 20213921 and 2197.
169
What is the highest common divisor of 72 and 643511160?
72
What is the greatest common factor of 5980740 and 60?
60
What is the greatest common factor of 42997 and 812231?
589
What is the highest common factor of 2026 and 382279862?
2026
Calculate the highest common divisor of 474011616 and 416.
416
What is the highest common factor of 24420618 and 690?
138
Calculate the highest common divisor of 160693266 and 1146.
1146
What is the greatest common factor of 255044777 and 39?
13
What is the highest common factor of 146612999 and 1378?
689
Calculate the highest common factor of 336 and 90730773.
21
Calculate the highest common factor of 102 and 9342418.
34
Calculate the highest common divisor of 4505915 and 10.
5
Calculate the greatest common factor of 514511868 and 3705.
741
What is the highest common divisor of 4930599 and 43968?
687
Calculate the highest common factor of 46413 and 98900946.
5157
Calculate the greatest common divisor of 590 and 16409906.
118
Calculate the highest common divisor of 2445627 and 39.
3
Calculate the greatest common divisor of 256936 and 128.
8
What is the greatest common factor of 677351 and 5432?
97
Calculate the highest common factor of 4147032 and 603.
201
Calculate the highest common divisor of 301324 and 2556.
284
What is the highest common factor of 221 and 48316?
1
What is the highest common factor of 520392588 and 1044?
348
Calculate the highest common factor of 238728 and 34365.
87
What is the greatest common divisor of 9 and 14522154?
3
What is the greatest common factor of 64 and 6119008?
32
Calculate the greatest common factor of 2611710 and 151470.
4590
Calculate the greatest common divisor of 1698 and 108852554.
566
What is the highest common factor of 18 and 53333073?
9
What is the highest common divisor of 1794 and 30736758?
78
Calculate the highest common divisor of 58 and 77250287.
29
What is the greatest common divisor of 8738593 and 815?
163
Calculate the greatest common factor of 301 and 7026673.
43
What is the greatest common factor of 679190 and 322920?
230
What is the highest common divisor of 1058862 and 57834?
714
Calculate the greatest common factor of 34304 and 15069104.
1072
Calculate the greatest common factor of 44 and 2287468.
4
Calculate the highest common factor of 146055610 and 3730.
3730
What is the greatest common divisor of 690 and 29577?
3
What is the highest common factor of 671 and 182523?
11
What is the greatest common divisor of 509922 and 29673?
189
What is the highest common divisor of 755290 and 46240?
10
What is the greatest common factor of 245827 and 70027?
293
What is the greatest common factor of 6232004 and 10004?
244
Calculate the highest common factor of 276 and 701661.
69
What is the highest common divisor of 111 and 19939869?
3
What is the highest common divisor of 34 and 22105932?
2
Calculate the greatest common factor of 17762 and 142262.
166
What is the greatest common factor of 1893168 and 784?
16
What is the highest common factor of 18288 and 6186?
6
What is the greatest common divisor of 449460165 and 26040?
3255
Calculate the highest common factor of 34276160 and 602.
86
Calculate the highest common factor of 5946130 and 102098.
1438
Calculate the greatest common divisor of 44025 and 102750.
75
Calculate the highest common divisor of 3 and 7693257.
3
What is the greatest common factor of 65928 and 664?
8
What is the highest common factor of 684311468 and 1732?
1732
Calculate the highest common factor of 13394 and 52671.
181
What is the greatest common factor of 11775 and 26548386?
471
Calculate the greatest common divisor of 10560 and 454210240.
3520
Calculate the greatest common divisor of 9676 and 673056.
164
Calculate the highest common divisor of 23030725 and 25.
25
What is the greatest common factor of 60 and 8689485?
15
Calculate the greatest common factor of 33 and 26183267.
11
What is the greatest common divisor of 1728 and 1475200?
64
What is the greatest common divisor of 203654 and 66?
22
Calculate the greatest common divisor of 7838245 and 127690.
565
What is the greatest common factor of 3174375 and 10625?
625
Calculate the highest common divisor of 5380 and 125729524.
1076
Calculate the highest common factor of 49376 and 9099071.
1543
Calculate the highest common divisor of 14609 and 3341287.
2087
What is the greatest common factor of 15578270 and 164400?
1370
Calculate the highest common factor of 1637 and 1793312219.
1637
What is the greatest common divisor of 20 and 720287020?
20
Calculate the greatest common divisor of 961 and 453464187.
961
What is the greatest common factor of 635 and 30443551?
127
What is the greatest common divisor of 4731 and 1427584?
19
Calculate the greatest common factor of 20259 and 2871.
9
Calculate the greatest common factor of 4573673 and 1107.
41
Calculate the greatest common divisor of 6985 and 4572535.
55
What is the highest common factor of 232 and 12725432?
232
What is the highest common factor of 1215330 and 60180?
510
Calculate the greatest common factor of 71 and 591668773.
71
What is the greatest common factor of 8878 and 103641?
193
Calculate the greatest common divisor of 6490 and 24332.
22
What is the highest common divisor of 9789 and 4597818?
753
What is the highest common divisor of 83 and 550705?
83
What is the highest common factor of 51658 and 907994?
46
Calculate the highest common divisor of 706483 and 1703.
131
What is the greatest common factor of 11664 and 424899?
27
What is the highest common factor of 31890 and 8340?
30
What is the greatest common factor of 159 and 185332679?
53
Calculate the highest common factor of 104374099 and 1.
1
What is the greatest common factor of 7402578 and 6?
6
Calculate the highest common divisor of 131234054 and 441.
49
What is the highest common divisor of 15 and 41797740?
15
Calculate the greatest com